se 3*j = j + 28. Calculate the highest common divisor of j and c.
14
Let r = -78 + 144. Suppose -4*u = -2*u - r. Let b = 11327 + -11063. What is the greatest common divisor of u and b?
33
Let m be (-11 - -1)*(-3192)/112. Let k = 430 - m. Calculate the greatest common factor of 232 and k.
29
Let f be 128/(-256)*(-69 - -1). Suppose -4*y + 31 + 101 = 2*w, -5*w - 2*y = -338. Calculate the greatest common divisor of w and f.
34
Suppose -v + 80 = 9*v. Let z be (-144)/384 + 1219/v. Calculate the greatest common factor of z and 38.
38
Let j be (-3 - (-5 + -222) - 1) + -5. Let h = 237 - j. What is the highest common divisor of 152 and h?
19
Let j(o) = -162*o + 1. Let f be j(-2). Suppose a = -2, l - 145 = -4*a - 23. What is the greatest common factor of l and f?
65
Let o be 26 + 0 + (-3 - -2). Let i = o + 47. Let n(r) = r**3 + 58*r**2 - 138*r + 2763. Let t be n(-61). Calculate the highest common divisor of i and t.
18
Let o = 30796 - 29868. Calculate the highest common factor of 1044 and o.
116
Let w be ((-36)/81)/(10/(-450)). Calculate the highest common factor of 856 and w.
4
Let c be -12*((-9614)/12)/23. Calculate the highest common factor of 608 and c.
38
Suppose 58*v - 2112 = 59*v - 23*v. What is the greatest common factor of v and 7872?
96
Suppose 0 = -3*q + 3*m + 6, -79*m = q - 82*m + 6. Suppose -8 = b - q, s + 2*b = 221. What is the highest common factor of s and 50?
25
Let h = -5315 - -5331. Calculate the highest common factor of h and 48.
16
Suppose -p + 74 = n - 128, 4*n - 2*p - 814 = 0. Suppose -3*g = -5*u - n, 0*g + 2*g - 130 = -2*u. What is the greatest common factor of 12 and g?
6
Let b(i) = -i**2 - 15*i + 50. Let a be b(-16). Suppose 0*z + 132 = s + 3*z, -4 = 2*z. Let x = s - 87. What is the greatest common factor of a and x?
17
Let d be -2 + (-3563)/(-28) + (-6)/(-8). Calculate the highest common factor of d and 28.
14
Let u(c) = c**2 + 33*c - 4. Let f be u(-34). What is the greatest common divisor of f and 2130?
30
Let b be (((-352)/(-16))/11 - (-1 + -158)) + -1. What is the greatest common factor of 2112 and b?
32
Suppose -279*s = 1531 - 4879. Suppose -2*x - 2*x = -12. What is the greatest common divisor of s and x?
3
Let a = -8833 - -8859. Calculate the greatest common divisor of a and 7696.
26
Let s be (-4)/1*(-5 + 1). Suppose 12*w - 10*w - 4*i = 26, 6*w + 12 = -3*i. Calculate the highest common factor of w and s.
1
Let b be -8*672/256*-11. Let f(s) = -7*s. Let t be f(-3). Calculate the highest common factor of b and t.
21
Let f(c) = 7*c + 5. Let j be f(5). Suppose 2*r - g = -2*g + 18, 3*r - 4*g = 49. Suppose -6*k - j = -r*k. What is the greatest common factor of 32 and k?
8
Suppose 0 = -24*v - 61*v - 90*v + 63000. What is the greatest common divisor of 936 and v?
72
Let d(k) = -13*k - 39. Suppose -8*o = -3*o + 4*m - 498, 3*o - 3*m = 288. Let h = 93 - o. Let s be d(h). What is the greatest common divisor of s and 39?
13
Suppose -q + w = 3*q - 83, q + 3*w = 37. Suppose -3*l = -194 - 334. What is the highest common divisor of q and l?
22
Let p be (-4)/(-1) + (-1 - 1). Suppose 5*w - 3*a = -619 + 88, 5*w = 5*a - 525. Let q = 122 + w. What is the greatest common factor of q and p?
2
Let h = -38674 - -38734. Calculate the greatest common factor of h and 18420.
60
Let d(g) = g**3 - 14*g**2 - 15*g + 10. Let f be d(15). Let u be -15*((0 - 4) + 2). Suppose -23*j = -26*j + u. What is the highest common divisor of f and j?
10
Let d = -3696 - -3704. Let x = 293 + -119. Suppose 106 = 5*y - x. Calculate the highest common divisor of y and d.
8
Let t = -22035 - -22173. Calculate the greatest common factor of 228 and t.
6
Let x(o) = -o**3 + 4*o**2 - o - 1. Let j be x(3). Suppose -a - 4*g = -0*a + j, -80 = -4*a + 4*g. Let c = 1 + 14. What is the greatest common factor of c and a?
15
Let t = -229 + 229. Suppose 5*z + 5*h - 193 - 427 = 0, 4*h - 16 = t. What is the greatest common divisor of 90 and z?
30
Suppose 38*g - 10582 + 977 = 6659. Calculate the highest common divisor of g and 17762.
214
Let z be 3/(-2)*206/(-3). Let u = -100 + z. Suppose -3*c = -u*f + 129, -c + 2 = 1. What is the highest common factor of f and 66?
22
Suppose 32*b = 169*b - 28633. What is the greatest common factor of b and 176?
11
Suppose 1020 = -93*r + 99*r. Suppose -2*y = -0*y - 5*j - 64, -5*j + 62 = y. Let s be (216/(-7))/(-3) - 12/y. What is the greatest common divisor of r and s?
10
Let t = -52 - -52. Suppose 2*s + 2*i = -16, 0 = 4*s - 2*i - t*i + 8. Let u be 7/((-42)/s)*111/2. Calculate the greatest common factor of 111 and u.
37
Let h(y) = 2*y + 20. Let k be h(-20). Let a be (k/16)/((7 + -2)/(-520)). What is the highest common factor of a and 20?
10
Suppose 504*f - 509*f = -1025. Let j = f + -190. What is the highest common divisor of 55 and j?
5
Suppose -5*x + 34 = -3*t, 4*t + 2*x + 40 = 6*x. Let c be (((-12)/t)/(-1))/3*-66. Let h be (2 - 5)/(-1)*1 + c. What is the highest common factor of 4 and h?
4
Let l = 57 + -148. Let m = l + 113. Calculate the greatest common factor of m and 77.
11
Let b = 159 - 64. Let a be ((-47)/(1833/494))/((-2)/9). Calculate the highest common factor of b and a.
19
Let n = 201 + -481. Let c be (((-396)/(-10))/3)/((-42)/n). Calculate the greatest common factor of 24 and c.
8
Let s(h) = -4*h**3 - 5*h**2 - 4*h + 1. Let c be s(-2). Suppose -563 = -24*v + 613. Calculate the highest common factor of c and v.
7
Let p(l) = l**2 + 7*l + 19. Let r be p(-5). Let m(o) = 14*o - 38. Let q be m(r). What is the greatest common factor of 11 and q?
11
Suppose 66 = 5*v - 69. Suppose -4*i = 17*i - 63. Suppose 41 = 5*g + o - 5*o, i*g = 3*o + 24. What is the highest common factor of g and v?
9
Suppose 3*g = -3*p + 96, 2*g + 3*p = -3 + 63. What is the greatest common divisor of g and 1752?
12
Suppose 848*b - 7258 - 5462 = 0. Let s(f) = 105 + 3*f - f - 3*f. Let n be s(0). What is the greatest common divisor of b and n?
15
Let x(d) = 4*d**3 - 17*d**2 + 3*d + 9. Let v be x(4). Suppose 4*q = -v*s + 349, -4*q + 9*s = 13*s - 344. Calculate the greatest common divisor of 81 and q.
81
Let d be (-6)/24 + (-682)/(-8). Let k(p) = 99 - 173 + d + p**3 + 9*p + 10*p**2. Let l be k(-9). Calculate the highest common factor of 22 and l.
11
Let q be 141/1 - (-4 + 2). Suppose -q = -2*p - 21. Let h = p - 38. What is the greatest common divisor of h and 230?
23
Let l(n) = 15*n**2 + 0*n**3 + 2*n**3 + 8016*n - 7993*n - n**3 - 5. Let v be l(-8). Calculate the greatest common factor of v and 37.
37
Let q(f) = 24*f**2 - 21*f - 43. Let d be q(-2). What is the highest common divisor of d and 2945?
95
Let t(v) = v + 17. Let y be t(16). Let f = y + 0. Suppose -5*p - f = u - 2*u, -5*u + 165 = p. What is the greatest common divisor of 22 and u?
11
Suppose -6*c = -2*c + 4. Let s be (c + 2)*8/1. Let p = 1028 + -988. Calculate the greatest common factor of p and s.
8
Let f = -14951 - -14967. Let i = 4 - 3. Calculate the greatest common factor of f and i.
1
Let j be (-11)/((-220)/(-24))*-5. Let i(s) = s**3 + 26*s**2 + 70*s + 39. Let w be i(-23). What is the highest common divisor of j and w?
2
Let o = -41 - -70. Suppose o*k - 893 = -81. Suppose -3*s = -2*q - 932, s = -s + 5*q + 636. What is the greatest common divisor of k and s?
28
Let l(c) = -2*c**3 + c**2 + c + 8. Let m be l(-2). What is the greatest common factor of m and 3354?
26
Suppose 815 = 32*q + 303. What is the highest common divisor of 1328 and q?
16
Suppose -8*k + 2295 = 3*k + 6*k. What is the greatest common factor of 999 and k?
27
Let l be (4 - (-18)/(-4))/(1/(-80)). Suppose 2*w = -25 - 23. Let h = -19 - w. What is the greatest common divisor of l and h?
5
Let v be 24*(-119)/(-153)*(-24)/(-28). What is the highest common factor of 1808 and v?
16
Let m(l) = 5*l + 4. Let q be m(6). Suppose -4*b = t - 545, -t - 469*b + 474*b = -428. What is the highest common factor of q and t?
17
Suppose 12*o + 239 - 1103 = 0. Let m(s) = -s**3 + 3*s**2 + 2*s + 2. Let u be m(-2). Calculate the highest common divisor of o and u.
18
Suppose 0 = -6*m + 4*m + 320. Let o = 112 + -72. Calculate the greatest common divisor of o and m.
40
Suppose 0 = -451*k + 460*k - 32319. Calculate the greatest common factor of k and 18.
9
Let m be ((-8)/(-4) - 2)/(-2) - -39. Let x(s) = 10*s - 189. Let t be x(m). Calculate the highest common factor of t and 67.
67
Let g be (